
24
What is the highest common divisor of 3221732 and 172?
172
What is the highest common divisor of 128 and 540976?
16
What is the highest common factor of 232177 and 143?
11
What is the greatest common divisor of 56199 and 12441?
429
Calculate the highest common factor of 71422 and 402.
134
What is the highest common divisor of 3424 and 10593?
107
What is the greatest common divisor of 3514 and 686?
14
What is the greatest common divisor of 732 and 4812?
12
What is the highest common factor of 481 and 17147?
13
Calculate the highest common divisor of 3186 and 5664.
354
Calculate the highest common factor of 3935 and 42498.
787
Calculate the highest common factor of 52 and 116597.
13
Calculate the highest common factor of 17346 and 154.
14
What is the greatest common factor of 19169 and 87?
29
What is the greatest common factor of 514808 and 25984?
1624
What is the greatest common factor of 568 and 33086?
142
Calculate the highest common divisor of 47125 and 12875.
125
What is the greatest common factor of 203 and 136619?
203
Calculate the greatest common divisor of 37180 and 175032.
572
What is the highest common factor of 17226 and 11394?
54
What is the greatest common factor of 27 and 2890998?
27
Calculate the greatest common divisor of 552 and 15042.
138
What is the highest common factor of 10 and 1563?
1
What is the highest common factor of 426 and 82360?
142
What is the greatest common divisor of 2318 and 304?
38
Calculate the greatest common factor of 29430 and 36.
18
What is the highest common divisor of 18 and 18864?
18
Calculate the highest common factor of 1716 and 278148.
156
What is the highest common divisor of 69296 and 284?
284
What is the highest common factor of 343671 and 2328?
291
Calculate the highest common divisor of 779623 and 13.
13
What is the highest common factor of 90038 and 78?
26
What is the greatest common factor of 45 and 7000?
5
What is the highest common factor of 211575 and 117?
39
What is the highest common factor of 396 and 179982?
198
Calculate the highest common factor of 4379 and 145.
29
What is the highest common factor of 42 and 6573?
21
What is the highest common factor of 17271 and 9063?
171
What is the highest common divisor of 3883 and 4246?
11
What is the greatest common divisor of 170 and 948974?
34
Calculate the greatest common divisor of 11053 and 70.
7
Calculate the highest common divisor of 6171 and 4437.
51
What is the greatest common divisor of 46184 and 138?
46
What is the greatest common divisor of 264 and 473682?
66
Calculate the greatest common divisor of 2243187 and 1506.
753
Calculate the highest common divisor of 12243 and 903.
21
What is the greatest common factor of 6790 and 1940?
970
Calculate the highest common factor of 736944 and 858.
78
Calculate the greatest common factor of 461632 and 192.
64
What is the greatest common factor of 5572 and 33964?
28
Calculate the greatest common divisor of 171 and 1985766.
57
Calculate the highest common divisor of 20700 and 23850.
450
What is the highest common divisor of 1999508 and 84?
28
What is the highest common factor of 1503185 and 38?
19
Calculate the greatest common factor of 46189 and 11.
11
Calculate the highest common factor of 51436 and 42.
14
What is the greatest common divisor of 2685 and 735?
15
What is the highest common divisor of 50 and 56085?
5
What is the greatest common factor of 149981 and 1079?
1079
What is the greatest common divisor of 195 and 1590?
15
What is the greatest common factor of 172 and 901925?
43
Calculate the highest common divisor of 90474 and 51.
51
Calculate the highest common divisor of 212 and 137800.
212
What is the greatest common divisor of 1116332 and 196?
28
What is the highest common factor of 14 and 3833508?
14
Calculate the greatest common divisor of 7527 and 419775.
579
What is the greatest common factor of 2808 and 39156?
156
What is the highest common divisor of 85923 and 45?
9
What is the greatest common divisor of 14790 and 50235?
255
What is the greatest common divisor of 2262710 and 2?
2
Calculate the highest common factor of 1549936 and 24528.
1168
What is the highest common factor of 32288 and 64?
32
Calculate the highest common factor of 24864 and 2928.
48
What is the greatest common factor of 24925 and 101694?
997
What is the highest common factor of 23536 and 144?
16
Calculate the highest common factor of 2213058 and 4326.
618
Calculate the greatest common factor of 1969620 and 510.
510
Calculate the greatest common factor of 77544 and 101956.
1436
What is the highest common divisor of 60 and 16104?
12
What is the highest common divisor of 584 and 1448?
8
Calculate the greatest common divisor of 97677 and 9.
9
What is the greatest common factor of 120549 and 11521?
281
What is the highest common factor of 31872 and 304?
16
What is the greatest common factor of 2544 and 3384?
24
What is the greatest common factor of 16172 and 3679?
13
What is the highest common factor of 85 and 1739151?
17
What is the greatest common divisor of 862 and 3635054?
862
What is the greatest common divisor of 513825 and 39?
39
What is the highest common divisor of 57156 and 924?
132
What is the highest common divisor of 423225 and 209?
209
Calculate the greatest common divisor of 748000 and 1705.
55
What is the highest common divisor of 3128 and 1725?
23
Calculate the highest common factor of 288 and 1023136.
32
What is the highest common factor of 427 and 343?
7
Calculate the greatest common factor of 59652 and 72.
36
Calculate the highest common factor of 82345 and 215.
215
Calculate the greatest common factor of 10443 and 1416.
177
Calculate the greatest common factor of 351 and 17928.
27
Calculate the highest common divisor of 2793 and 1221339.
399
What is the highest common divisor of 375 and 13625?
125
What is the highest common divisor of 336 and 1236984?
168
What is the highest common factor of 5123 and 18?
1
Calculate the highest common divisor of 99 and 158031.
9
Calculate the greatest common divisor of 18 and 52518.
6
What is the greatest common factor of 5208 and 545724?
372
Calculate the highest common divisor of 1715 and 161.
7
What is the greatest common divisor of 10824 and 2017200?
984
Calculate the greatest common factor of 11055 and 418.
11
Calculate the greatest common factor of 68 and 37580.
4
What is the highest common factor of 294879 and 1677?
39
Calculate the greatest common divisor of 5848 and 946.
86
Calculate the highest common factor of 32047 and 28535.
439
Calculate the highest common divisor of 9949504 and 64.
64
Calculate the greatest common divisor of 763490 and 14.
14
What is the greatest common divisor of 4 and 3364?
4
Calculate the greatest common factor of 3219 and 888.
111
What is the greatest common divisor of 22661 and 1270349?
1333
Calculate the greatest common factor of 68024 and 352.
88
What is the highest common factor of 2763142 and 776?
194
Calculate the highest common divisor of 570179 and 872.
109
What is the highest common divisor of 2526468 and 133?
133
What is the greatest common divisor of 14490 and 4905?
45
Calculate the greatest common divisor of 449826 and 1422.
474
Calculate the greatest common divisor of 58232 and 8534.
502
What is the highest common divisor of 10597 and 4?
1
What is the greatest common factor of 22913 and 374?
11
Calculate the highest common factor of 2760 and 27669.
69
What is the highest common divisor of 5680 and 36?
4
What is the highest common divisor of 102768 and 32?
16
Calculate the greatest common factor of 78 and 1041261.
39
Calculate the greatest common factor of 36 and 906156.
36
What is the greatest common factor of 12 and 120084?
12
Calculate the greatest common factor of 290 and 475078.
58
What is the highest common divisor of 1860 and 58590?
930
What is the highest common divisor of 14746 and 1616?
202
Calculate the highest common factor of 128 and 80000.
128
Calculate the highest common factor of 236948 and 296.
148
Calculate the highest common divisor of 149379 and 31059.
1479
Calculate the highest common divisor of 678361 and 838.
419
Calculate the greatest common divisor of 295607 and 13.
13
What is the greatest common divisor of 10 and 1385070?
10
What is the greatest common divisor of 687155 and 319?